2 a factor of 4983?
False
Does 8 divide 1456?
True
Is 14903 a multiple of 34?
False
Is 204 a multiple of 3?
True
Is 18 a factor of 81712?
False
Is 19 a factor of 74689?
True
Does 9 divide 9216?
True
Does 76 divide 878?
False
Is 840 a multiple of 7?
True
Does 52 divide 520?
True
Is 47729 a multiple of 11?
True
Is 688 a multiple of 11?
False
Is 443 a multiple of 55?
False
Does 23 divide 24012?
True
Does 59 divide 49030?
False
Is 16 a factor of 416?
True
Does 8 divide 571?
False
Is 29416 a multiple of 245?
False
Is 13 a factor of 4667?
True
Is 4796 a multiple of 22?
True
Is 15 a factor of 9393?
False
Does 10 divide 1520?
True
Does 4 divide 350?
False
Is 6 a factor of 23644?
False
Is 55 a factor of 9900?
True
Is 3166 a multiple of 11?
False
Is 911 a multiple of 16?
False
Does 46 divide 104028?
False
Is 2 a factor of 789?
False
Is 117 a factor of 2481?
False
Is 960 a multiple of 80?
True
Is 165720 a multiple of 94?
False
Is 42 a factor of 2075?
False
Is 1720 a multiple of 20?
True
Is 440 a multiple of 3?
False
Is 119 a multiple of 4?
False
Is 65 a factor of 10920?
True
Is 9432 a multiple of 9?
True
Does 17 divide 45713?
True
Does 24 divide 4278?
False
Is 9762 a multiple of 9?
False
Is 6 a factor of 156?
True
Does 49 divide 784?
True
Is 6346 a multiple of 124?
False
Is 10557 a multiple of 50?
False
Is 70 a factor of 19740?
True
Does 18 divide 5141?
False
Is 39 a factor of 273?
True
Does 407 divide 45991?
True
Is 577 a multiple of 9?
False
Does 3 divide 312?
True
Is 6 a factor of 1536?
True
Does 4 divide 908?
True
Does 18 divide 810?
True
Does 12 divide 21288?
True
Is 28903 a multiple of 57?
False
Is 55 a multiple of 4?
False
Is 4109 a multiple of 7?
True
Is 37 a factor of 6648?
False
Is 6 a factor of 8796?
True
Does 408 divide 48152?
False
Is 62 a multiple of 31?
True
Is 16060 a multiple of 22?
True
Is 213 a multiple of 20?
False
Is 80 a factor of 27360?
True
Is 8 a factor of 1592?
True
Is 12383 a multiple of 45?
False
Does 149 divide 5066?
True
Does 119 divide 1016?
False
Is 6405 a multiple of 15?
True
Is 13 a factor of 987?
False
Is 33 a factor of 9504?
True
Is 8 a factor of 16?
True
Is 42 a factor of 2646?
True
Is 8 a factor of 290?
False
Is 2 a factor of 13994?
True
Does 90 divide 68490?
True
Is 1734 a multiple of 32?
False
Is 7201 a multiple of 74?
False
Is 7695 a multiple of 21?
False
Is 5 a factor of 72?
False
Does 13 divide 2587?
True
Does 30 divide 480?
True
Is 47150 a multiple of 82?
True
Is 18396 a multiple of 63?
True
Does 50 divide 16800?
True
Is 396 a multiple of 99?
True
Is 4464 a multiple of 6?
True
Does 75 divide 900?
True
Is 6 a factor of 1601?
False
Does 44 divide 5456?
True
Is 1864 a multiple of 25?
False
Is 73 a factor of 29915?
False
Does 20 divide 4340?
True
Is 223 a multiple of 4?
False
Is 3022 a multiple of 12?
False
Does 100 divide 1000?
True
Is 7 a factor of 7465?
False
Does 115 divide 1544?
False
Is 126 a factor of 9157?
False
Is 21 a factor of 5061?
True
Is 1084 a multiple of 54?
False
Is 7 a factor of 22694?
True
Is 79410 a multiple of 15?
True
Is 552 a multiple of 17?
False
Is 89 a factor of 1820?
False
Is 2828 a multiple of 28?
True
Does 85 divide 5597?
False
Is 9 a factor of 4887?
True
Is 234 a multiple of 13?
True
Is 52 a multiple of 34?
False
Is 42 a factor of 1806?
True
Is 14 a factor of 5513?
False
Is 121723 a multiple of 59?
False
Is 67 a factor of 2292?
False
Is 19 a factor of 64?
False
Does 4 divide 2376?
True
Is 15 a factor of 6180?
True
Is 9569 a multiple of 7?
True
Does 154 divide 23716?
True
Does 21 divide 54167?
False
Is 3780 a multiple of 12?
True
Is 2553 a multiple of 69?
True
Does 8 divide 21392?
True
Is 363 a factor of 13068?
True
Is 30 a factor of 21570?
True
Is 1453 a multiple of 54?
False
Is 1666 a multiple of 25?
False
Is 11 a factor of 7700?
True
Does 155 divide 25743?
False
Does 17 divide 2839?
True
Is 7 a factor of 504?
True
Does 15 divide 5445?
True
Does 79 divide 4503?
True
Does 155 divide 4805?
True
Is 980 a multiple of 20?
True
Is 14 a factor of 2383?
False
Does 14 divide 11536?
True
Is 21 a factor of 882?
True
Is 2340 a multiple of 52?
True
Does 38 divide 1323?
False
Is 872 a multiple of 4?
True
Is 5 a factor of 17405?
True
Does 23 divide 80352?
False
Is 54 a factor of 70686?
True
Does 12 divide 2457?
False
Does 75 divide 52776?
False
Is 882 a multiple of 85?
False
Does 40 divide 320?
True
Does 57 divide 5016?
True
Is 38 a factor of 1634?
True
Does 10 divide 610?
True
Is 29 a factor of 5826?
False
Does 29 divide 5365?
True
Is 559 a multiple of 30?
False
Does 2 divide 49?
False
Is 3744 a multiple of 48?
True
Does 19 divide 152?
True
Does 5 divide 278?
False
Is 3742 a multiple of 20?
False
Is 15 a factor of 120?
True
Is 12 a factor of 300?
True
Is 1934 a multiple of 20?
False
Is 1842 a multiple of 4?
False
Is 496 a multiple of 13?
False
Is 4 a factor of 223?
False
Is 1133 a multiple of 198?
False
Is 53559 a multiple of 100?
False
Is 40 a factor of 35760?
True
Is 52 a factor of 663?
False
Is 522 a multiple of 7?
False
Is 564 a multiple of 6?
True
Does 9 divide 717?
False
Is 73 a factor of 1549?
False
Does 28 divide 6300?
True
Is 845 a multiple of 65?
True
Does 21 divide 63?
True
Is 37 a factor of 1320?
False
Is 31 a factor of 454?
False
Is 10289 a multiple of 28?
False
Is 138 a multiple of 23?
True
Is 90 a factor of 4050?
True
Does 8 divide 136?
True
Does 49 divide 2156?
True
Is 15436 a multiple of 3?
False
Is 13 a factor of 1014?
True
Does 16 divide 162?
False
Is 45966 a multiple of 47?
True
Does 30 divide 1110?
True
Is 10368 a multiple of 15?
False
Is 7 a factor of 3761?
False
Does 10 divide 20?
True
Does 13 divide 403?
True
Does 14 divide 271?
False
Is 12 a factor of 5539?
False
Does 23 divide 11819?
False
Does 40 divide 6000?
True
Is 18 a factor of 6426?
True
Is 30 a factor of 195?
False
Is 16974 a multiple of 46?
True
Does 20 divide 590?
False
Is 322 a multiple of 9?
False
Does 4 divide 544?
True
Is 775 a multiple of 65?
False
Does 9 divide 6932?
False
Does 3 divide 207?
True
Is 146 a factor of 44812?
False
Does 22 divide 105273?
False
Is 4280 a multiple of 40?
True
Does 271 divide 27100?
True
Does 318 divide 98574?
False
Is 41 a factor of 6250?
False
Is 48 a factor of 2160?
True
Is 20635 a multiple of 65?
False
Is 24038 a multiple of 31?
False
Does 77 divide 616?
True
Is 7473 a multiple of 13?
False
Is 5968 a multiple of 13?
False
Is 10 a factor of 23846?
False
Is 49 a factor of 356?
False
Is 34 a factor of 85?
False
Is 50 a factor of 13375?
False
Does 31 divide 2810?
False
Is 3645 a multiple of 9?
True
Is 75208 a multiple of 29?
False
Is 1243 a multiple of 11?
True
Is 12 a factor of 6000?
True
Is 5006 a multiple of 42?
False
Does 52 divide 1352?
True
Is 31 a factor of 1519?
True
Is 4 a factor of 1079?
False
Is 218 a factor of 20492?
True
Does 82 divide 1558?
True
Is 234 a multiple of 26?
True
Is 3525 a multiple of 75?
True
Is 642 a multiple of 15?
False
Is 29 a factor of 4505?
False
Is 10998 a multiple of 18?
True
Does 7 divide 94?
False
Is 82 a factor of 801?
False
Is 11 a factor of 2860?
True
Does 45 divide 26595?
True
Is 114 a factor of 111188?
False
Is 33 a factor of 6039?
True
Is 6 a factor of 6660?
True
Does 65 divide 35360?
True
Is 17 a factor of 952?
True
Is 4916 a multiple of 13?
False
Is 40565 a multiple of 26?
False
Is 134 a factor of 3291?
False
Is 63 a factor of 693?
True
Is 337 a multiple of 37?
False
Does 6 divide 379?
False
Is 288 a multiple of 18?
True
Is 2848 a multiple of 86?
False
Is 40379 a multiple of 88?
False
Is 17 a factor of 204?
True
Is 23 a factor of 1847?
False
Does 9 divide 983?
False
Is 84 a factor of 556?
False
Is 156 a multiple of 4?
True
Is 41 a factor of 17835?
True
Does 67 divide 3939?
False
Is 8 a factor of 3158?
False
Is 48179 a multiple of 18?
False
Is 186 a factor of 16305?
False
Does 85 divide 17425?
True
Does 28 divide 94576?
False
Is 139 a multiple of 5?
False
Does 7 divide 400?
False
Is 70416 a multiple of 16?
True
Is 22 a factor of 286?
True
Is 1974 a multiple of 141?
True
Is 14 a factor of 532?
True
Does 134 divide 10318?
True
Does 123 divide 12054?
True
Does 47 divide 1504?
True
Does 115 divide 690?
True
Does 13 divide 937?
False
Is 18734 a multiple of 34?
True
Is 9 a factor of 13815?
True
Does 55 divide 990?
True
Does 8 divide 14275?